{"id":81,"date":"2023-10-02T18:11:20","date_gmt":"2023-10-02T18:11:20","guid":{"rendered":"https:\/\/web.techosymetales.com\/?page_id=81"},"modified":"2023-12-09T18:15:44","modified_gmt":"2023-12-09T18:15:44","slug":"quienes-somos","status":"publish","type":"page","link":"https:\/\/techosymetales.com\/?page_id=81","title":{"rendered":"\u00bfQuienes Somos?"},"content":{"rendered":"<p><!--themify_builder_static--><\/p>\n<h2>Nuestra Historia<\/h2>\n<p><img decoding=\"async\" src=\"https:\/\/techosymetales.com\/wp-content\/uploads\/2023\/12\/TYMSA01.png\" title=\"TYMSA01\" alt=\"TYMSA01\" srcset=\"https:\/\/techosymetales.com\/wp-content\/uploads\/2023\/12\/TYMSA01.png 841w, https:\/\/techosymetales.com\/wp-content\/uploads\/2023\/12\/TYMSA01-300x147.png 300w, https:\/\/techosymetales.com\/wp-content\/uploads\/2023\/12\/TYMSA01-768x376.png 768w\" sizes=\"(max-width: 841px) 100vw, 841px\" \/><\/p>\n<p>En 2017, surgimos en Esquipulas, Chiquimula, como un sue\u00f1o familiar. Hoy, somos Techos y Metales S.A., llegando a cada rinc\u00f3n de Guatemala y El Salvador sin importar que tan cerca o lejos se encuentre el proyecto, que tan grande o peque\u00f1a sea su orden, somos una referencia en techos y productos de acero y metalmec\u00e1nica.<\/p>\n<p>Desde l\u00e1minas troqueladas hasta l\u00e1mina tipo teja, ofrecemos soluciones completas y accesorios esenciales como capotes, canales, tornillos, l\u00e1mina estampada para puertas y todo lo necesario para su techo. Tambi\u00e9n nos destacamos con productos innovadores y a precio justo como la l\u00e1mina s\u00e1ndwich termoac\u00fastica.<\/p>\n<p>Nuestro crecimiento habla de la adaptaci\u00f3n y servicio al cliente. Llevamos nuestra pasi\u00f3n y compromiso en cada producto que entregamos. Esto no habr\u00eda sido posible sin los m\u00e1s de 100 colaboradores directos e indirectos que han cre\u00eddo en nuestro proyecto, han abrazado el cambio y han contribuido a nuestra transformaci\u00f3n.<\/p>\n<p>A nuestros apreciados clientes, les agradecemos por su preferencia y por confiar en nosotros para hacer realidad el techo de sus sue\u00f1os. Cada techo que construimos y cada material que fabricamos y distribuimos es m\u00e1s que una estructura; es un reflejo de nuestra gratitud por su confianza.<\/p>\n<h2>Nuestra Misi\u00f3n<\/h2>\n<p>En Techos y Metales S.A., nuestra misi\u00f3n es ofrecer soluciones integrales y de vanguardia en techos y productos met\u00e1licos, superando las expectativas de nuestros clientes en cada paso del camino. Guiados por la pasi\u00f3n por la calidad y la innovaci\u00f3n, nos esforzamos por crear estructuras duraderas y funcionales que resalten la seguridad y la belleza de cada proyecto.<\/p>\n<h2>Nuestra Visi\u00f3n<\/h2>\n<p>Ser reconocidos como l\u00edderes en la industria de techos de cubierta de l\u00e1mina, destacando por nuestra excelencia en productos innovadores, servicio al cliente excepcional y compromiso con la calidad de cada proyecto que abordamos.<\/p>\n<p><img decoding=\"async\" src=\"https:\/\/techosymetales.com\/wp-content\/uploads\/2023\/12\/TYMSA02.png\" title=\"TYMSA02\" alt=\"TYMSA02\" srcset=\"https:\/\/techosymetales.com\/wp-content\/uploads\/2023\/12\/TYMSA02.png 842w, https:\/\/techosymetales.com\/wp-content\/uploads\/2023\/12\/TYMSA02-300x148.png 300w, https:\/\/techosymetales.com\/wp-content\/uploads\/2023\/12\/TYMSA02-768x379.png 768w\" sizes=\"(max-width: 842px) 100vw, 842px\" \/><!--\/themify_builder_static--><\/p>\n","protected":false},"excerpt":{"rendered":"<p>Nuestra Historia En 2017, surgimos en Esquipulas, Chiquimula, como un sue\u00f1o familiar. Hoy, somos Techos y Metales S.A., llegando a cada rinc\u00f3n de Guatemala y El Salvador sin importar que tan cerca o lejos se encuentre el proyecto, que tan grande o peque\u00f1a sea su orden, somos una referencia en techos y productos de acero [&hellip;]<\/p>\n","protected":false},"author":1,"featured_media":0,"parent":0,"menu_order":0,"comment_status":"closed","ping_status":"closed","template":"","meta":{"footnotes":""},"class_list":["post-81","page","type-page","status-publish","hentry","has-post-title","has-post-date","has-post-category","has-post-tag","has-post-comment","has-post-author",""],"yoast_head":"<!-- This site is optimized with the Yoast SEO plugin v22.7 - https:\/\/yoast.com\/wordpress\/plugins\/seo\/ -->\n<title>\u00bfQuienes Somos? - Techos y Metales<\/title>\n<meta name=\"robots\" content=\"index, follow, max-snippet:-1, max-image-preview:large, max-video-preview:-1\" \/>\n<link rel=\"canonical\" href=\"https:\/\/techosymetales.com\/?page_id=81\" \/>\n<meta property=\"og:locale\" content=\"es_ES\" \/>\n<meta property=\"og:type\" content=\"article\" \/>\n<meta property=\"og:title\" content=\"\u00bfQuienes Somos? - Techos y Metales\" \/>\n<meta property=\"og:description\" content=\"Nuestra Historia En 2017, surgimos en Esquipulas, Chiquimula, como un sue\u00f1o familiar. Hoy, somos Techos y Metales S.A., llegando a cada rinc\u00f3n de Guatemala y El Salvador sin importar que tan cerca o lejos se encuentre el proyecto, que tan grande o peque\u00f1a sea su orden, somos una referencia en techos y productos de acero [&hellip;]\" \/>\n<meta property=\"og:url\" content=\"https:\/\/techosymetales.com\/?page_id=81\" \/>\n<meta property=\"og:site_name\" content=\"Techos y Metales\" \/>\n<meta property=\"article:modified_time\" content=\"2023-12-09T18:15:44+00:00\" \/>\n<meta property=\"og:image\" content=\"https:\/\/techosymetales.com\/wp-content\/uploads\/2023\/10\/TYMSA-Yoast.jpg\" \/>\n\t<meta property=\"og:image:width\" content=\"600\" \/>\n\t<meta property=\"og:image:height\" content=\"400\" \/>\n\t<meta property=\"og:image:type\" content=\"image\/jpeg\" \/>\n<meta name=\"twitter:card\" content=\"summary_large_image\" \/>\n<meta name=\"twitter:label1\" content=\"Tiempo de lectura\" \/>\n\t<meta name=\"twitter:data1\" content=\"2 minutos\" \/>\n<script type=\"application\/ld+json\" class=\"yoast-schema-graph\">{\"@context\":\"https:\/\/schema.org\",\"@graph\":[{\"@type\":\"WebPage\",\"@id\":\"https:\/\/techosymetales.com\/?page_id=81\",\"url\":\"https:\/\/techosymetales.com\/?page_id=81\",\"name\":\"\u00bfQuienes Somos? - Techos y Metales\",\"isPartOf\":{\"@id\":\"https:\/\/techosymetales.com\/#website\"},\"primaryImageOfPage\":{\"@id\":\"https:\/\/techosymetales.com\/?page_id=81#primaryimage\"},\"image\":{\"@id\":\"https:\/\/techosymetales.com\/?page_id=81#primaryimage\"},\"thumbnailUrl\":\"https:\/\/techosymetales.com\/wp-content\/uploads\/2023\/12\/TYMSA01.png\",\"datePublished\":\"2023-10-02T18:11:20+00:00\",\"dateModified\":\"2023-12-09T18:15:44+00:00\",\"breadcrumb\":{\"@id\":\"https:\/\/techosymetales.com\/?page_id=81#breadcrumb\"},\"inLanguage\":\"es\",\"potentialAction\":[{\"@type\":\"ReadAction\",\"target\":[\"https:\/\/techosymetales.com\/?page_id=81\"]}]},{\"@type\":\"ImageObject\",\"inLanguage\":\"es\",\"@id\":\"https:\/\/techosymetales.com\/?page_id=81#primaryimage\",\"url\":\"https:\/\/techosymetales.com\/wp-content\/uploads\/2023\/12\/TYMSA01.png\",\"contentUrl\":\"https:\/\/techosymetales.com\/wp-content\/uploads\/2023\/12\/TYMSA01.png\",\"width\":841,\"height\":412},{\"@type\":\"BreadcrumbList\",\"@id\":\"https:\/\/techosymetales.com\/?page_id=81#breadcrumb\",\"itemListElement\":[{\"@type\":\"ListItem\",\"position\":1,\"name\":\"Home\",\"item\":\"https:\/\/techosymetales.com\/\"},{\"@type\":\"ListItem\",\"position\":2,\"name\":\"\u00bfQuienes Somos?\"}]},{\"@type\":\"WebSite\",\"@id\":\"https:\/\/techosymetales.com\/#website\",\"url\":\"https:\/\/techosymetales.com\/\",\"name\":\"Techos y Metales\",\"description\":\"Techos y Metales\",\"publisher\":{\"@id\":\"https:\/\/techosymetales.com\/#organization\"},\"potentialAction\":[{\"@type\":\"SearchAction\",\"target\":{\"@type\":\"EntryPoint\",\"urlTemplate\":\"https:\/\/techosymetales.com\/?s={search_term_string}\"},\"query-input\":\"required name=search_term_string\"}],\"inLanguage\":\"es\"},{\"@type\":\"Organization\",\"@id\":\"https:\/\/techosymetales.com\/#organization\",\"name\":\"Techos y Metales S.A.\",\"url\":\"https:\/\/techosymetales.com\/\",\"logo\":{\"@type\":\"ImageObject\",\"inLanguage\":\"es\",\"@id\":\"https:\/\/techosymetales.com\/#\/schema\/logo\/image\/\",\"url\":\"https:\/\/techosymetales.com\/wp-content\/uploads\/2023\/09\/SIN-DATOS-GRANDE-f05b2429d2f8a828e18c9b6a19173c6a.png\",\"contentUrl\":\"https:\/\/techosymetales.com\/wp-content\/uploads\/2023\/09\/SIN-DATOS-GRANDE-f05b2429d2f8a828e18c9b6a19173c6a.png\",\"width\":709,\"height\":675,\"caption\":\"Techos y Metales S.A.\"},\"image\":{\"@id\":\"https:\/\/techosymetales.com\/#\/schema\/logo\/image\/\"}}]}<\/script>\n<!-- \/ Yoast SEO plugin. -->","yoast_head_json":{"title":"\u00bfQuienes Somos? - Techos y Metales","robots":{"index":"index","follow":"follow","max-snippet":"max-snippet:-1","max-image-preview":"max-image-preview:large","max-video-preview":"max-video-preview:-1"},"canonical":"https:\/\/techosymetales.com\/?page_id=81","og_locale":"es_ES","og_type":"article","og_title":"\u00bfQuienes Somos? - Techos y Metales","og_description":"Nuestra Historia En 2017, surgimos en Esquipulas, Chiquimula, como un sue\u00f1o familiar. Hoy, somos Techos y Metales S.A., llegando a cada rinc\u00f3n de Guatemala y El Salvador sin importar que tan cerca o lejos se encuentre el proyecto, que tan grande o peque\u00f1a sea su orden, somos una referencia en techos y productos de acero [&hellip;]","og_url":"https:\/\/techosymetales.com\/?page_id=81","og_site_name":"Techos y Metales","article_modified_time":"2023-12-09T18:15:44+00:00","og_image":[{"width":600,"height":400,"url":"https:\/\/techosymetales.com\/wp-content\/uploads\/2023\/10\/TYMSA-Yoast.jpg","type":"image\/jpeg"}],"twitter_card":"summary_large_image","twitter_misc":{"Tiempo de lectura":"2 minutos"},"schema":{"@context":"https:\/\/schema.org","@graph":[{"@type":"WebPage","@id":"https:\/\/techosymetales.com\/?page_id=81","url":"https:\/\/techosymetales.com\/?page_id=81","name":"\u00bfQuienes Somos? - Techos y Metales","isPartOf":{"@id":"https:\/\/techosymetales.com\/#website"},"primaryImageOfPage":{"@id":"https:\/\/techosymetales.com\/?page_id=81#primaryimage"},"image":{"@id":"https:\/\/techosymetales.com\/?page_id=81#primaryimage"},"thumbnailUrl":"https:\/\/techosymetales.com\/wp-content\/uploads\/2023\/12\/TYMSA01.png","datePublished":"2023-10-02T18:11:20+00:00","dateModified":"2023-12-09T18:15:44+00:00","breadcrumb":{"@id":"https:\/\/techosymetales.com\/?page_id=81#breadcrumb"},"inLanguage":"es","potentialAction":[{"@type":"ReadAction","target":["https:\/\/techosymetales.com\/?page_id=81"]}]},{"@type":"ImageObject","inLanguage":"es","@id":"https:\/\/techosymetales.com\/?page_id=81#primaryimage","url":"https:\/\/techosymetales.com\/wp-content\/uploads\/2023\/12\/TYMSA01.png","contentUrl":"https:\/\/techosymetales.com\/wp-content\/uploads\/2023\/12\/TYMSA01.png","width":841,"height":412},{"@type":"BreadcrumbList","@id":"https:\/\/techosymetales.com\/?page_id=81#breadcrumb","itemListElement":[{"@type":"ListItem","position":1,"name":"Home","item":"https:\/\/techosymetales.com\/"},{"@type":"ListItem","position":2,"name":"\u00bfQuienes Somos?"}]},{"@type":"WebSite","@id":"https:\/\/techosymetales.com\/#website","url":"https:\/\/techosymetales.com\/","name":"Techos y Metales","description":"Techos y Metales","publisher":{"@id":"https:\/\/techosymetales.com\/#organization"},"potentialAction":[{"@type":"SearchAction","target":{"@type":"EntryPoint","urlTemplate":"https:\/\/techosymetales.com\/?s={search_term_string}"},"query-input":"required name=search_term_string"}],"inLanguage":"es"},{"@type":"Organization","@id":"https:\/\/techosymetales.com\/#organization","name":"Techos y Metales S.A.","url":"https:\/\/techosymetales.com\/","logo":{"@type":"ImageObject","inLanguage":"es","@id":"https:\/\/techosymetales.com\/#\/schema\/logo\/image\/","url":"https:\/\/techosymetales.com\/wp-content\/uploads\/2023\/09\/SIN-DATOS-GRANDE-f05b2429d2f8a828e18c9b6a19173c6a.png","contentUrl":"https:\/\/techosymetales.com\/wp-content\/uploads\/2023\/09\/SIN-DATOS-GRANDE-f05b2429d2f8a828e18c9b6a19173c6a.png","width":709,"height":675,"caption":"Techos y Metales S.A."},"image":{"@id":"https:\/\/techosymetales.com\/#\/schema\/logo\/image\/"}}]}},"builder_content":"<h2><br\/>Nuestra Historia<\/h2>\n<img src=\"https:\/\/techosymetales.com\/wp-content\/uploads\/2023\/12\/TYMSA01.png\" title=\"TYMSA01\" alt=\"TYMSA01\" srcset=\"https:\/\/techosymetales.com\/wp-content\/uploads\/2023\/12\/TYMSA01.png 841w, https:\/\/techosymetales.com\/wp-content\/uploads\/2023\/12\/TYMSA01-300x147.png 300w, https:\/\/techosymetales.com\/wp-content\/uploads\/2023\/12\/TYMSA01-768x376.png 768w\" sizes=\"(max-width: 841px) 100vw, 841px\" \/>\n<p>En 2017, surgimos en Esquipulas, Chiquimula, como un sue\u00f1o familiar. Hoy, somos Techos y Metales S.A., llegando a cada rinc\u00f3n de Guatemala y El Salvador sin importar que tan cerca o lejos se encuentre el proyecto, que tan grande o peque\u00f1a sea su orden, somos una referencia en techos y productos de acero y metalmec\u00e1nica.<\/p>\n<p>Desde l\u00e1minas troqueladas hasta l\u00e1mina tipo teja, ofrecemos soluciones completas y accesorios esenciales como capotes, canales, tornillos, l\u00e1mina estampada para puertas y todo lo necesario para su techo. Tambi\u00e9n nos destacamos con productos innovadores y a precio justo como la l\u00e1mina s\u00e1ndwich termoac\u00fastica.<\/p> <p>Nuestro crecimiento habla de la adaptaci\u00f3n y servicio al cliente. Llevamos nuestra pasi\u00f3n y compromiso en cada producto que entregamos. Esto no habr\u00eda sido posible sin los m\u00e1s de 100 colaboradores directos e indirectos que han cre\u00eddo en nuestro proyecto, han abrazado el cambio y han contribuido a nuestra transformaci\u00f3n.<\/p> <p>A nuestros apreciados clientes, les agradecemos por su preferencia y por confiar en nosotros para hacer realidad el techo de sus sue\u00f1os. Cada techo que construimos y cada material que fabricamos y distribuimos es m\u00e1s que una estructura; es un reflejo de nuestra gratitud por su confianza.<\/p>\n<h2><br\/>Nuestra Misi\u00f3n<\/h2>\n<p>En Techos y Metales S.A., nuestra misi\u00f3n es ofrecer soluciones integrales y de vanguardia en techos y productos met\u00e1licos, superando las expectativas de nuestros clientes en cada paso del camino. Guiados por la pasi\u00f3n por la calidad y la innovaci\u00f3n, nos esforzamos por crear estructuras duraderas y funcionales que resalten la seguridad y la belleza de cada proyecto.<\/p>\n<h2><br\/>Nuestra Visi\u00f3n<\/h2>\n<p>Ser reconocidos como l\u00edderes en la industria de techos de cubierta de l\u00e1mina, destacando por nuestra excelencia en productos innovadores, servicio al cliente excepcional y compromiso con la calidad de cada proyecto que abordamos.<\/p>\n<img src=\"https:\/\/techosymetales.com\/wp-content\/uploads\/2023\/12\/TYMSA02.png\" title=\"TYMSA02\" alt=\"TYMSA02\" srcset=\"https:\/\/techosymetales.com\/wp-content\/uploads\/2023\/12\/TYMSA02.png 842w, https:\/\/techosymetales.com\/wp-content\/uploads\/2023\/12\/TYMSA02-300x148.png 300w, https:\/\/techosymetales.com\/wp-content\/uploads\/2023\/12\/TYMSA02-768x379.png 768w\" sizes=\"(max-width: 842px) 100vw, 842px\" \/>","_links":{"self":[{"href":"https:\/\/techosymetales.com\/index.php?rest_route=\/wp\/v2\/pages\/81","targetHints":{"allow":["GET"]}}],"collection":[{"href":"https:\/\/techosymetales.com\/index.php?rest_route=\/wp\/v2\/pages"}],"about":[{"href":"https:\/\/techosymetales.com\/index.php?rest_route=\/wp\/v2\/types\/page"}],"author":[{"embeddable":true,"href":"https:\/\/techosymetales.com\/index.php?rest_route=\/wp\/v2\/users\/1"}],"replies":[{"embeddable":true,"href":"https:\/\/techosymetales.com\/index.php?rest_route=%2Fwp%2Fv2%2Fcomments&post=81"}],"version-history":[{"count":4,"href":"https:\/\/techosymetales.com\/index.php?rest_route=\/wp\/v2\/pages\/81\/revisions"}],"predecessor-version":[{"id":108,"href":"https:\/\/techosymetales.com\/index.php?rest_route=\/wp\/v2\/pages\/81\/revisions\/108"}],"wp:attachment":[{"href":"https:\/\/techosymetales.com\/index.php?rest_route=%2Fwp%2Fv2%2Fmedia&parent=81"}],"curies":[{"name":"wp","href":"https:\/\/api.w.org\/{rel}","templated":true}]}}